 Is u(4) composite?
True
Let y(o) = -o**3 - 5*o**2 + 7*o + 4. Is y(-7) composite?
False
Suppose -i + 4*g - 54 = 0, 4*i + g + 126 = 2*i. Let p = i + 107. Is (-4)/10 + 3033/p a prime number?
True
Let b = 18 - -31. Is b a composite number?
True
Suppose 2 = -3*p + 2*n + 41, n - 65 = -5*p. Is p prime?
True
Let g be 0/(-2) + 28/(-4). Let v = -3 - g. Suppose -143 = -5*b + b + p, -v*p = 4*b - 168. Is b composite?
False
Let l(o) = -o**2 + o + 203. Suppose 6 = -4*q + 2*f, 7*q = 3*q - 5*f + 15. Is l(q) a composite number?
True
Let u be (-305)/(-20) - 1/4. Let q = 3 + -8. Is (-186)/q + (-3)/u prime?
True
Suppose 0 = -5*k - w + 18, 0*k + 3*k - w = 14. Suppose -5*d = -4*m - 291, 4*d = k + 8. Is 3*(-2)/(18/m) a composite number?
False
Is 79 - (0 + -2 + 2) composite?
False
Suppose -4*r + 3*r = -171. Let t = -113 + r. Is t a composite number?
True
Let v(i) = 5*i**3 - 6*i**2 + 0 - 6*i**3 + 5. Let c be v(-5). Is -2*1/(-1) - c a composite number?
True
Let g(d) = d**2 - 1. Let n be g(-2). Suppose c = -n*c + 124. Is c a prime number?
True
Let n be 7/(3/(72*1)). Let y = n + -4. Suppose -3*r - y = -2*x - 5*r, -4*r - 383 = -5*x. Is x composite?
False
Suppose 3*i + 3 = 0, 2*i - 2 = -m + 5*m. Is m*(-2)/(-2) + 3 a composite number?
False
Let j be (-6)/8*(1 + 3). Let m = j + 6. Suppose 0*q - 137 = -m*q + 4*z, 0 = -3*q + z + 122. Is q a prime number?
False
Let w(y) = -7*y**2 + y - 2. Let j be w(2). Let f = j - -41. Suppose 3*c + 2*z - 26 - f = 0, 0 = -2*c + 2*z + 16. Is c composite?
False
Let l(f) be the second derivative of -f**5/20 - f**2 - 3*f. Is l(-3) prime?
False
Let g be -1 - (-1 - (10 - -2)). Let j = g + 1. Is j a composite number?
False
Is 2/(-13) - ((-133092)/52)/3 prime?
True
Let p = 361 - 176. Is p prime?
False
Let c(u) = u**3 + 8*u**2 - 9. Let x be c(-7). Suppose -2*o + 174 = x. Is o a composite number?
False
Is (-4)/18 - 280/(-45) prime?
False
Suppose 5*j = -4*i + 14, -4*i = 2*j + 4 - 12. Let b be (-2*1)/2 - i. Is (-149)/(-7) + b/7 prime?
False
Let o = 22 + 155. Suppose 0 = -5*d + 3*z + o, 0*d - d - 2*z = -25. Is d composite?
True
Let j(w) = -2*w**3 - 9*w - 6 - 6*w**2 + 2*w + w**3. Let k be j(-5). Suppose 5*d - 5 = -5*b, -5*b = k*d - 9 + 3. Is b a prime number?
True
Let y = -12 - -14. Suppose w - 381 = -y*v, 2*w + 429 = -3*v + 1186. Is w a composite number?
True
Let y = 6 - -121. Is y prime?
True
Let x = 5 - 3. Suppose 10 = x*u - 2. Let z(o) = 7*o - 9. Is z(u) composite?
True
Let x = 2 - 0. Let m(q) = -1 + q + 3*q**2 + 6 + q**2 + q**3 - 3*q**x. Is m(4) composite?
False
Suppose -4*m = 5 + 3. Let r(z) = 25*z + 1. Let f be r(-5). Is m/4*f/2 a composite number?
False
Let y = -16 + 2. Let x = -3 - y. Is x composite?
False
Let c = -1 - 4. Suppose 4*n = -24 - 36. Let h = c - n. Is h a composite number?
True
Suppose 0 = 4*y + y - 615. Suppose -u - 2*w + y = 0, u - w = 3*u - 240. Is u a composite number?
True
Let x = 3 + -1. Let s be 2 - 6/(x + 1). Suppose -5*h + s*c + 61 = -2*c, 17 = h - 2*c. Is h a prime number?
True
Let j = -5 - -10. Let o = j + 0. Suppose 2*y + 66 = o*y. Is y composite?
True
Let n(u) = 4*u**3 - 2*u**2 + 6*u + 7. Let y be n(5). Suppose -2*b = -0*i + 4*i - 298, 3*b - 4*i = y. Is b a composite number?
False
Let c = -2 + 6. Suppose z + 135 + 184 = 2*a, -c*z = 4. Suppose 2*g = 3*v - a, -5*v - g + 193 = -72. Is v composite?
False
Let n(k) = 6*k**3 + 2*k**2 - 4*k + 4. Let s(b) = 7*b**3 + 3*b**2 - 5*b + 5. Let o(h) = -6*n(h) + 5*s(h). Let g be o(2). Suppose 0 = -g*l + 246 - 81. Is l prime?
False
Let h = 1 + 1. Suppose 21 = h*n + 3. Suppose -n*b + 4*b + 155 = 0. Is b prime?
True
Let u(p) = 7*p**2 - p - 4. Let r(f) = -8*f**2 + f + 5. Let b(q) = 5*r(q) + 6*u(q). Let a be -6 + (3 - 1)/1. Is b(a) composite?
False
Suppose 5*n = -25, -4*a + n + 2 + 3 = 0. Suppose 4*f + 98 - 510 = a. Is f composite?
False
Suppose -2*h - 3*h = -1465. Is h a composite number?
False
Let r(k) = k**2 - 11*k - 10. Let d(n) = -n**2 + 10*n + 9. Let o(i) = 5*d(i) + 4*r(i). Let y(s) = 2*s**2 - 7*s - 6. Let l(x) = 6*o(x) + 5*y(x). Is l(-2) prime?
False
Let h = 528 + -157. Is h composite?
True
Let n be 10/(-6)*(0 + -6). Suppose 5*p = n*p - 210. Suppose -p - 132 = -3*z. Is z a prime number?
False
Let l(s) = s**2 - 2. Let r be l(2). Let j be 107/((r*-1)/(-2)). Suppose -37 = 2*y - j. Is y a prime number?
False
Let s(n) = -n**2 - n - 7. Let u be s(-6). Is (-1)/(1/u - 0) a composite number?
False
Let o be (-1092)/(-9) + (-1)/3. Suppose 5*y + o = 466. Is y prime?
False
Let k(c) = -2*c - 6. Let b be k(-4). Suppose -2*u - b*r + 7*r = 92, -206 = 4*u + r. Let j = u - -72. Is j a composite number?
True
Let l be ((-36)/(-6))/((-3)/(-2)). Suppose 0 = l*o - 6*o + 762. Is o prime?
False
Let m(r) = -5*r**2 + r. Let l be m(-1). Let y(d) = d**3 + 13*d**2 - d - 3. Let t be y(l). Suppose -2*i = -5*i + t. Is i a composite number?
True
Suppose -110 = -c + 52. Let x = 271 - c. Is x a prime number?
True
Suppose 9*i = 5747 + 11632. Is i composite?
False
Suppose n - 557 + 122 = 0. Suppose -c = 2*c - n. Is c composite?
True
Let n(a) = -21*a + 6 + 1 - 2. Suppose 2*p = -4, 5*i + 14 = i + 5*p. Is n(i) a composite number?
False
Suppose 143 + 452 = 5*i. Is i prime?
False
Let y be (-2 - -1*4)/1. Suppose -y*c = -c - 3. Is c a prime number?
True
Suppose -2*u = 0, -5*k + u = -2*u - 10. Let l be ((-16)/12)/((-2)/3). Is 10 - (-4 + k + l) a prime number?
False
Suppose 2*i + 4*c = -74, 4*i = 9*i + 4*c + 155. Let d = i - -46. Is d prime?
True
Let k(h) = -h - 30. Let y be k(0). Let v be 264/y*(-5)/2. Suppose 0*w - 2*w + v = 0. Is w prime?
True
Suppose -9*r + 2*r + 133 = 0. Is r composite?
False
Let o be 5/(-10)*28/(-2). Suppose 0 = -j - 4 + o. Suppose q = j*q - 4*v - 166, 5*q + 5*v = 415. Is q composite?
False
Let q(z) = -160*z + 37. Is q(-9) composite?
True
Let l(t) = -t**2 + 3*t + 4. Let c be l(4). Suppose -15 = -5*k - c*v + 3*v, -5 = v. Suppose -x - 4*u + 223 = k, 2*u + 682 = 4*x - 156. Is x a composite number?
False
Is (-2 + 4)*(-995)/(-2) a composite number?
True
Let x(l) be the first derivative of 25*l**3/3 - l**2/2 - l + 1. Let d be ((-24)/18)/(4/(-9)). Is x(d) a composite number?
True
Suppose 4*r - t + 16 = 0, 5*r - 2*t = 2*t - 20. Let h(m) = -m - 1. Let o be h(r). Suppose -3 = 4*z - 19, -520 = -4*p + o*z. Is p a prime number?
False
Let l(g) = -g + 8. Let z be l(8). Suppose z*u = -3*u. Let v = u + 31. Is v a prime number?
True
Let t = -7 - -12. Suppose f + 2*h = -247, 0 = t*f - 2*h + 5*h + 1221. Let k = -160 - f. Is k prime?
True
Let f = 19 - 15. Let d(a) = 2*a**2 + 7*a - 5. Is d(f) a composite number?
True
Let k(x) = -x**2 - 8*x + 2. Let r be k(-8). Suppose 2*h - 100 = -r*h. Is h a composite number?
True
Let f(y) = y**3 + 8*y**2 - 8*y + 3. Let z be f(-9). Let x be ((-402)/(-9))/((-2)/z). Suppose -o + x = o. Is o a composite number?
False
Suppose -831 - 66 = -3*s. Is s a prime number?
False
Suppose -3*p + 2*p = -3. Suppose p*u = -2*g + 274, u - g = -4*g + 82. Is u a prime number?
False
Let m = 44 + -11. Let n = 48 - m. Let y = n - 8. Is y prime?
True
Let w(z) = -z + 3. Let q be w(2). Is (2*-5 - q)*-1 prime?
True
Let f be (-9)/3*(-10)/(-6). Let u = -1 - f. Let s = u - -15. Is s a composite number?
False
Is 138 + (16 - 0)/(-4) prime?
False
Let z = -7 + 5. Let n(s) = -4*s + 1. Let y be n(z). Suppose y*u - 4*u - 160 = 5*q, -5*u + 153 = 2*q. Is u a prime number?
True
Suppose 0 = -2*g + 2*t + 8, g - 3*t = 6*g - 4. Suppose -g*k - 77 = -3*k. Suppose 0 = -y + 2*y - k. Is y a composite number?
True
Let q = -9 - 17. Is 16/104 + (-1192)/q composite?
True
Suppose 0 = 3*p - 6033 + 1572. Let w = -598 + p. Is w composite?
True
Suppose -609 = -6*h + 117. Is h prime?
False
Let t be 4/22 + 1695/55. Suppose -4*c + t = -77. Is 4491/c - (-4)/6 a prime number?
True
Is (-3 + -1)*42/(-8) prime?
False
Let m be (-742)/(-18) - (-6)/(-27). Suppose 0 = 4*d - m + 1. Is d composite?
True
Let n be (-2 - 17/(-2))*76. Let p = -75 + n. Is p composite?
False
Is (-906)/(-10) - 8/(-20) a prime number?
False
Suppose v + 2 = -0*v. Let r be 2 + v - (-39 - 0). Is (r + 1)/2 - 1 prime?
True
Suppose 4*f - 2*x = x + 2605, -f + 637 = 4*x. Is f a prime number?
False
Let v(g) = g + 161. Is v(0) a prime number?
False
Suppose 5*m + 4*c - 35 = 0, 4*m + 2 = 3*c - 1. Let a(h) = 11*h**2 - 4*h + 6. Is a(m) prime?
False
Let t be (-2)/(-2)*2*1. Suppose t*j - 459 = -53. Is j a p